026953?
3
What is the hundreds digit of 347237562?
5
What is the hundreds digit of 101044713?
7
What is the thousands digit of 13643643?
3
What is the hundred millions digit of 786726825?
7
What is the millions digit of 13028752?
3
What is the millions digit of 331752482?
1
What is the hundreds digit of 98170847?
8
What is the hundred thousands digit of 649230099?
2
What is the hundred thousands digit of 6843369?
8
What is the tens digit of 21363729?
2
What is the hundreds digit of 4563044?
0
What is the ten millions digit of 145992006?
4
What is the ten millions digit of 4004129381?
0
What is the hundreds digit of 7871161578?
5
What is the hundred thousands digit of 2939333901?
3
What is the ten thousands digit of 3644899584?
9
What is the tens digit of 101449006?
0
What is the billions digit of 1083216436?
1
What is the ten thousands digit of 22095230?
9
What is the ten millions digit of 487963827?
8
What is the ten thousands digit of 246251575?
5
What is the units digit of 270941657?
7
What is the hundred millions digit of 6974431504?
9
What is the hundred thousands digit of 9272836?
2
What is the ten thousands digit of 25374761?
7
What is the hundred millions digit of 202145865?
2
What is the hundred millions digit of 2129160766?
1
What is the tens digit of 1126034721?
2
What is the tens digit of 9101813?
1
What is the hundred millions digit of 361434236?
3
What is the billions digit of 1356228828?
1
What is the hundred thousands digit of 1281635227?
6
What is the hundred millions digit of 469490582?
4
What is the hundred thousands digit of 1832171583?
1
What is the millions digit of 31539173?
1
What is the tens digit of 58130861?
6
What is the tens digit of 45444910?
1
What is the ten millions digit of 114840769?
1
What is the thousands digit of 54973472?
3
What is the ten thousands digit of 43125656?
2
What is the thousands digit of 89281778?
1
What is the ten thousands digit of 2689475842?
7
What is the ten thousands digit of 770571870?
7
What is the ten thousands digit of 916478389?
7
What is the units digit of 169289063?
3
What is the hundred thousands digit of 19285018?
2
What is the ten thousands digit of 94013264?
1
What is the ten millions digit of 461590044?
6
What is the hundreds digit of 34748481?
4
What is the thousands digit of 89710648?
0
What is the ten millions digit of 94695441?
9
What is the millions digit of 3399161448?
9
What is the ten thousands digit of 3515743?
1
What is the hundred millions digit of 1027220266?
0
What is the units digit of 286299380?
0
What is the hundred millions digit of 432692589?
4
What is the ten thousands digit of 773803725?
0
What is the hundred millions digit of 893231504?
8
What is the hundred millions digit of 731507588?
7
What is the ten thousands digit of 941827949?
2
What is the thousands digit of 933640384?
0
What is the ten thousands digit of 333739033?
3
What is the hundred thousands digit of 110676232?
6
What is the units digit of 3718619016?
6
What is the thousands digit of 2598173300?
3
What is the millions digit of 6594775387?
4
What is the millions digit of 362535082?
2
What is the hundred thousands digit of 1050664661?
6
What is the hundred millions digit of 113626365?
1
What is the hundreds digit of 70469843?
8
What is the thousands digit of 260202188?
2
What is the tens digit of 318882228?
2
What is the hundred thousands digit of 577232245?
2
What is the hundreds digit of 547506836?
8
What is the thousands digit of 4508628829?
8
What is the units digit of 51847514?
4
What is the ten millions digit of 20527233?
2
What is the hundreds digit of 35977191?
1
What is the thousands digit of 50329663?
9
What is the hundred thousands digit of 1102748954?
7
What is the hundreds digit of 72457697?
6
What is the ten millions digit of 299532359?
9
What is the hundred thousands digit of 1388775485?
7
What is the thousands digit of 2417882110?
2
What is the tens digit of 2187031528?
2
What is the ten thousands digit of 8962681136?
8
What is the thousands digit of 135347738?
7
What is the ten millions digit of 33204177?
3
What is the millions digit of 4351768?
4
What is the units digit of 294221563?
3
What is the hundred thousands digit of 59962384?
9
What is the hundreds digit of 46850976?
9
What is the hundreds digit of 28450353?
3
What is the tens digit of 98545938?
3
What is the units digit of 23750892?
2
What is the millions digit of 26420763?
6
What is the units digit of 2750201743?
3
What is the ten thousands digit of 491828935?
2
What is the thousands digit of 385187899?
7
What is the ten millions digit of 319692605?
1
What is the millions digit of 50366733?
0
What is the tens digit of 502448655?
5
What is the thousands digit of 17057715?
7
What is the hundred millions digit of 671577461?
6
What is the millions digit of 11634651?
1
What is the thousands digit of 37575837?
5
What is the ten millions digit of 46012511?
4
What is the ten thousands digit of 219481?
1
What is the millions digit of 565276696?
5
What is the hundred thousands digit of 4421146312?
1
What is the millions digit of 21071986?
1
What is the millions digit of 22888681?
2
What is the millions digit of 54887500?
4
What is the units digit of 56107584?
4
What is the millions digit of 16089288?
6
What is the ten thousands digit of 77050381?
5
What is the hundreds digit of 32427567?
5
What is the hundred thousands digit of 199566722?
5
What is the thousands digit of 2142577025?
7
What is the units digit of 18903687?
7
What is the ten millions digit of 63448436?
6
What is the hundreds digit of 2880876134?
1
What is the millions digit of 55523782?
5
What is the ten millions digit of 229970075?
2
What is the millions digit of 31359798?
1
What is the ten millions digit of 137230547?
3
What is the ten thousands digit of 15211615?
1
What is the hundred millions digit of 345660639?
3
What is the ten thousands digit of 849208432?
0
What is the thousands digit of 156741608?
1
What is the millions digit of 381231858?
1
What is the millions digit of 1108400109?
8
What is the ten thousands digit of 785995249?
9
What is the hundred thousands digit of 564030563?
0
What is the hundred thousands digit of 37434337?
4
What is the millions digit of 171254641?
1
What is the millions digit of 3476751199?
6
What is the thousands digit of 68148410?
8
What is the hundreds digit of 954450103?
1
What is the ten thousands digit of 3361941217?
4
What is the thousands digit of 1510476940?
6
What is the tens digit of 3414895?
9
What is the hundred millions digit of 1398872848?
3
What is the hundreds digit of 4054694?
6
What is the units digit of 831383774?
4
What is the millions digit of 1197237?
1
What is the tens digit of 1496099903?
0
What is the hundreds digit of 24698490?
4
What is the units digit of 136607710?
0
What is the hundred thousands digit of 513365275?
3
What is the hundreds digit of 492171420?
4
What is the units digit of 1371533149?
9
What is the hundred millions digit of 244621750?
2
What is the ten thousands digit of 2289907484?
0
What is the millions digit of 616988241?
6
What is the units digit of 403811855?
5
What is the millions digit of 489865536?
9
What is the ten thousands digit of 1519659596?
5
What is the ten thousands digit of 10554056?
5
What is the tens digit of 64832675?
7
What is the thousands digit of 22828089?
8
What is the millions digit of 640207764?
0
What is the millions digit of 5738383615?
8
What is the hundreds digit of 215461630?
6
What is the ten thousands digit of 340093964?
9
What is the tens digit of 850025188?
8
What is the tens digit of 451168581?
8
What is the tens digit of 33287922?
2
What is the hundred millions digit of 1705615415?
7
What is the hundreds digit of 630061984?
9
What is the ten thousands digit of 3927758?
2
What is the units digit of 1105420226?
6
What is the millions digit of 2746060688?
6
What is the thousands digit of 7474711?
4
What is the hundred millions digit of 194607054?
1
What is the millions digit of 32259012?
2
What is the hundred thousands digit of 62259347?
2
What is the ten thousands digit of 13524051?
2
What is the hundred thousands digit of 250802368?
8
What is the tens digit of 84485689?
8
What is the thousands digit of 103319027?
9
What is the units digit of 3